{"id":39,"date":"2019-08-20T09:58:52","date_gmt":"2019-08-20T07:58:52","guid":{"rendered":"http:\/\/topklasse.lima-city.de\/?page_id=39"},"modified":"2025-06-13T14:24:32","modified_gmt":"2025-06-13T12:24:32","slug":"brauereiverzeichnisse","status":"publish","type":"page","link":"https:\/\/topklasse.lima-city.de\/","title":{"rendered":"Brauereiverzeichnisse"},"content":{"rendered":"\n<p>Basis : GOOGLEMAPS<\/p>\n\n\n\n<p>Deutschland Teil 1: einschl.Grenzgebiet<\/p>\n\n\n\n<p><a rel=\"noreferrer noopener\" href=\"https:\/\/www.google.com\/maps\/d\/edit?mid=1FlmMCWfn6F_LZcDbJHdeiCoEwiuyqA8f&amp;usp=sharing\" target=\"_blank\">SAAR LOR LUX PFALZ BADEN-W\u00dcRTTEMBERG HESSEN TH\u00dcRINGEN,SACHSEN,SACHSEN-ANHALT,BAYERN <\/a><\/p>\n\n\n\n<p>Deutschland Teil 2:<\/p>\n\n\n\n<p><a rel=\"noreferrer noopener\" href=\"https:\/\/www.google.com\/maps\/d\/edit?mid=1iSn75Y3qTeMEKlETC6KHMm56z8Grtjhz&amp;usp=sharing\" target=\"_blank\">NORDDEUTSCHLAND<\/a><\/p>\n\n\n\n<p>----------------------------------------------------------------------------------------------------<\/p>\n\n\n\n<p><a href=\"https:\/\/www.google.com\/maps\/d\/edit?mid=14AGxmvUQkrw2djzGmJo7tibZIkyRaEsV&amp;usp=sharing\">DEUTSCHLAND KOMPLETT ZUM SELBSTMARKIEREN<\/a><\/p>\n\n\n\n<p><a href=\"https:\/\/www.google.com\/maps\/d\/u\/0\/viewer?mid=1_gHesIshz0aTIZGeWJjErEr5Ixg&amp;shorturl=1&amp;ll=48.93628892146192%2C11.412927600000032&amp;z=7\" target=\"_blank\" rel=\"noreferrer noopener\">BAYERN by Kalvarienbergbr\u00e4u<\/a><\/p>\n\n\n\n<p><a href=\"http:\/\/www.franconiabeerguide.com\/bigmap.php\" target=\"_blank\" rel=\"noreferrer noopener\">FRANKEN by Franconia Beerguide<\/a><\/p>\n\n\n\n<p><a rel=\"noreferrer noopener\" href=\"https:\/\/www.biermap24.de\/bierkarte.php\" target=\"_blank\">DEUTSCHLAND by BIERMAP24<\/a><\/p>\n\n\n\n<p><a href=\"https:\/\/www.google.de\/maps\/@49.4160849,10.852206,7.75z\/data=!4m2!6m1!1s1bgiqox0EDmHJC_CM9MQ9sYjdXqMpGUw?entry=ttu&amp;g_ep=EgoyMDI1MDYxMC4xIKXMDSoASAFQAw%3D%3D\">BRAUEREIEN UND BIERG\u00c4RTEN WANDERKARTE BAYERN<\/a><\/p>\n\n\n\n<p>-----------------------------------------------------------------------------------------------------<\/p>\n\n\n\n<p><a rel=\"noreferrer noopener\" href=\"https:\/\/www.google.de\/maps\/@51.4939831,3.5255814,7z\/data=!3m1!4b1!4m2!6m1!1s1zEmW9Ch3wZZxbhlFlWJjgGIB90M?hl=de&amp;authuser=0\" target=\"_blank\">BENELUX<\/a> <a href=\"https:\/\/www.google.com\/maps\/d\/u\/1\/edit?mid=10bzMFGPuUoubkwMazqT_k0oHSqr5-0M&amp;usp=sharing\" target=\"_blank\" rel=\"noreferrer noopener\">aktuelles Projekt mit Bahnh\u00f6<\/a><a href=\"https:\/\/www.google.com\/maps\/@51.4717876,3.4199236,7z\/data=!3m1!4b1!4m2!6m1!1s10bzMFGPuUoubkwMazqT_k0oHSqr5-0M\">fen<\/a><\/p>\n\n\n\n<p><a href=\"https:\/\/www.google.com\/maps\/d\/u\/0\/viewer?mid=1J2LYysuJP7r4U0XcEQccybgl2ZI&amp;ll=56.1799109949761%2C11.63306435000004&amp;z=6\" target=\"_blank\" rel=\"noreferrer noopener\">D\u00c4NEMARK<\/a><\/p>\n\n\n\n<p><a href=\"https:\/\/happybeermap.com\/brasserie-artisanale\/france\/\" target=\"_blank\" rel=\"noreferrer noopener\">FRANKREICH<\/a> neu : <a rel=\"noreferrer noopener\" href=\"https:\/\/www.google.com\/maps\/d\/u\/0\/viewer?mid=1AUFHamZJdG_uHFZJlqdMB3yJ7AI&amp;hl=en_US&amp;ll=49.385030155255926%2C6.952496281841842&amp;z=9\" target=\"_blank\">PROJET AMERTUME<\/a><\/p>\n\n\n\n<p><a rel=\"noreferrer noopener\" href=\"https:\/\/www.google.com\/maps\/d\/u\/0\/viewer?msa=0&amp;ll=43.83886701552345%2C10.711669999999987&amp;spn=6.014029%2C14.27124&amp;mid=1Hf77DG9BQbScg8h_DnDwp-oQfZ4&amp;z=7\" target=\"_blank\">ITALIEN<\/a> <a href=\"https:\/\/www.microbirrifici.org\/beer_italy_maps.aspx\" target=\"_blank\" rel=\"noreferrer noopener\">Microbirrifici<\/a><\/p>\n\n\n\n<p><a href=\"https:\/\/www.google.com\/maps\/d\/u\/0\/viewer?mid=1zp1tY6zONjIYSMRvVHXnUhjHN2k&amp;ll=35.392027549463755%2C-6.1107484500000275&amp;z=5\" target=\"_blank\" rel=\"noreferrer noopener\">SPANIEN <\/a><\/p>\n\n\n\n<p><a href=\"https:\/\/bierland-oesterreich.at\/index.php?Itemid=1023&amp;lang=de-DE\" target=\"_blank\" rel=\"noreferrer noopener\">\u00d6STERREICH<\/a><\/p>\n\n\n\n<p><a href=\"https:\/\/empresite.jornaldenegocios.pt\/\" target=\"_blank\" rel=\"noreferrer noopener\">PORTUGAL<\/a><\/p>\n\n\n\n<p><a href=\"https:\/\/www.google.com\/maps\/d\/u\/0\/viewer?mid=1H53727tGMjmaVg_8KJO9Mm63JJ8&amp;hl=en_US&amp;ll=52.27280922745714%2C21.003657700000005&amp;z=6\" target=\"_blank\" rel=\"noreferrer noopener\">POLEN<\/a><\/p>\n\n\n\n<p><a href=\"https:\/\/www.google.com\/maps\/d\/viewer?mid=1toMf5G4xswjTrQi21_dNXftaeW4&amp;ll=46.78616699817129%2C8.22660099999996&amp;z=8\" target=\"_blank\" rel=\"noreferrer noopener\">SCHWEIZ by BOV.CH<\/a><\/p>\n\n\n\n<p><a href=\"https:\/\/www.google.com\/maps\/d\/u\/0\/viewer?hl=de&amp;mid=1ZP2xwYuxeA1djp4ky_RHBKwhjtY&amp;ll=49.81693494636223%2C15.506167000000005&amp;z=8\" target=\"_blank\" rel=\"noreferrer noopener\">TSCHECHIEN<\/a><\/p>\n\n\n\n<p>alternativ : <a href=\"https:\/\/pivni.info\/mapa.php?fbclid=IwAR2jrP6wjU5GMDCH9xUp9XoFvhNPGkdJ1WZfMssNqaMZebgWIoo89Dx-XL0\" target=\"_blank\" rel=\"noreferrer noopener\">PIVNI INFO<\/a> <a href=\"https:\/\/www.pivnici.cz\/mapa-ceskych-pivovaru-a-minipivovaru\/?z=8&amp;x=49.743739&amp;y=15.338617\" target=\"_blank\" rel=\"noreferrer noopener\">PIVNICI<\/a> <a href=\"http:\/\/www.pividky.cz\/mapa.php?fbclid=IwAR0DccKUPSjv5K3R5tqn63imqa9I9CIuO0XiZGbvd0dQA9y3JdjFGWoA_6k\" target=\"_blank\" rel=\"noreferrer noopener\">PIVIDKY<\/a> danke an Robert<\/p>\n\n\n\n<p><a href=\"https:\/\/www.craftbeer.com\/breweries\/find-a-us-brewery\" target=\"_blank\" rel=\"noreferrer noopener\">USA<\/a><\/p>\n\n\n\n<p>HISTORISCHE VERZEICHNISSE<\/p>\n\n\n\n<p><a href=\"http:\/\/www.klausehm.de\/Uebersicht.html\" target=\"_blank\" rel=\"noreferrer noopener\">DEUTSCHLAND by Klaus Ehm<\/a><\/p>\n\n\n\n<p><\/p>\n\n\n\n<p>Leider habe ich nicht alle Autoren gefunden . Danke f\u00fcr Eure tolle Arbeit !<\/p>\n","protected":false},"excerpt":{"rendered":"Basis : GOOGLEMAPS Deutschland Teil 1: einschl.Grenzgebiet SAAR LOR LUX PFALZ BADEN-W\u00dcRTTEMBERG HESSEN TH\u00dcRINGEN,SACHSEN,SACHSEN-ANHALT,BAYERN Deutschland Teil 2: NORDDEUTSCHLAND ---------------------------------------------------------------------------------------------------- DEUTSCHLAND KOMPLETT ZUM SELBSTMARKIEREN BAYERN by Kalvarienbergbr\u00e4u FRANKEN by Franconia Beerguide DEUTSCHLAND by BIERMAP24 BRAUEREIEN UND BIERG\u00c4RTEN WANDERKARTE BAYERN ----------------------------------------------------------------------------------------------------- BENELUX aktuelles Projekt mit Bahnh\u00f6fen D\u00c4NEMARK FRANKREICH neu : PROJET AMERTUME ITALIEN Microbirrifici SPANIEN \u00d6STERREICH PORTUGAL [&hellip;]","protected":false},"author":1,"featured_media":0,"parent":0,"menu_order":0,"comment_status":"closed","ping_status":"closed","template":"","meta":{"footnotes":""},"class_list":["post-39","page","type-page","status-publish","hentry"],"jetpack_sharing_enabled":true,"_links":{"self":[{"href":"https:\/\/topklasse.lima-city.de\/index.php?rest_route=\/wp\/v2\/pages\/39","targetHints":{"allow":["GET"]}}],"collection":[{"href":"https:\/\/topklasse.lima-city.de\/index.php?rest_route=\/wp\/v2\/pages"}],"about":[{"href":"https:\/\/topklasse.lima-city.de\/index.php?rest_route=\/wp\/v2\/types\/page"}],"author":[{"embeddable":true,"href":"https:\/\/topklasse.lima-city.de\/index.php?rest_route=\/wp\/v2\/users\/1"}],"replies":[{"embeddable":true,"href":"https:\/\/topklasse.lima-city.de\/index.php?rest_route=%2Fwp%2Fv2%2Fcomments&post=39"}],"version-history":[{"count":33,"href":"https:\/\/topklasse.lima-city.de\/index.php?rest_route=\/wp\/v2\/pages\/39\/revisions"}],"predecessor-version":[{"id":538,"href":"https:\/\/topklasse.lima-city.de\/index.php?rest_route=\/wp\/v2\/pages\/39\/revisions\/538"}],"wp:attachment":[{"href":"https:\/\/topklasse.lima-city.de\/index.php?rest_route=%2Fwp%2Fv2%2Fmedia&parent=39"}],"curies":[{"name":"wp","href":"https:\/\/api.w.org\/{rel}","templated":true}]}}